divided by 46.
21
What is the remainder when 4871 is divided by 1587?
110
Calculate the remainder when 2677 is divided by 705.
562
What is the remainder when 1014 is divided by 108?
42
What is the remainder when 481379 is divided by 71?
70
What is the remainder when 6463 is divided by 3085?
293
Calculate the remainder when 246129 is divided by 815.
814
Calculate the remainder when 3431 is divided by 269.
203
Calculate the remainder when 2065 is divided by 540.
445
What is the remainder when 270641 is divided by 4666?
13
Calculate the remainder when 653084 is divided by 78.
68
What is the remainder when 45930 is divided by 319?
313
Calculate the remainder when 1349 is divided by 244.
129
What is the remainder when 21821 is divided by 990?
41
Calculate the remainder when 111426 is divided by 106.
20
Calculate the remainder when 6720 is divided by 5976.
744
What is the remainder when 208 is divided by 40?
8
What is the remainder when 1134930 is divided by 447?
444
What is the remainder when 72464 is divided by 23?
14
What is the remainder when 96407 is divided by 24097?
19
Calculate the remainder when 2693 is divided by 144.
101
What is the remainder when 191150 is divided by 54?
44
Calculate the remainder when 216482 is divided by 11.
2
What is the remainder when 1645 is divided by 142?
83
Calculate the remainder when 39490 is divided by 9870.
10
Calculate the remainder when 1156 is divided by 1150.
6
What is the remainder when 248272 is divided by 117?
115
What is the remainder when 1115 is divided by 91?
23
What is the remainder when 10338 is divided by 1465?
83
Calculate the remainder when 3217 is divided by 2948.
269
Calculate the remainder when 5393 is divided by 55.
3
Calculate the remainder when 2698 is divided by 199.
111
What is the remainder when 827063 is divided by 54?
53
Calculate the remainder when 61458 is divided by 20486.
0
What is the remainder when 31166 is divided by 1150?
116
Calculate the remainder when 2008 is divided by 250.
8
Calculate the remainder when 78673 is divided by 159.
127
Calculate the remainder when 26043 is divided by 31.
3
What is the remainder when 4486 is divided by 64?
6
Calculate the remainder when 103896 is divided by 3710.
16
Calculate the remainder when 5254 is divided by 239.
235
Calculate the remainder when 4048 is divided by 761.
243
What is the remainder when 313814 is divided by 200?
14
Calculate the remainder when 72582 is divided by 19.
2
Calculate the remainder when 91954 is divided by 18388.
14
What is the remainder when 1345 is divided by 298?
153
Calculate the remainder when 3225 is divided by 1337.
551
Calculate the remainder when 2493762 is divided by 1547.
1545
What is the remainder when 112956 is divided by 538?
514
Calculate the remainder when 335922 is divided by 27992.
18
Calculate the remainder when 119766 is divided by 29918.
94
What is the remainder when 5847 is divided by 523?
94
What is the remainder when 172404 is divided by 19?
17
Calculate the remainder when 160133 is divided by 243.
239
Calculate the remainder when 55444 is divided by 93.
16
Calculate the remainder when 35442 is divided by 117.
108
Calculate the remainder when 45076 is divided by 245.
241
Calculate the remainder when 98330 is divided by 20.
10
Calculate the remainder when 7902 is divided by 2593.
123
What is the remainder when 56734 is divided by 14?
6
What is the remainder when 8593 is divided by 176?
145
Calculate the remainder when 2746 is divided by 2641.
105
Calculate the remainder when 7327 is divided by 94.
89
Calculate the remainder when 3828 is divided by 3639.
189
Calculate the remainder when 1858691 is divided by 186.
179
What is the remainder when 2577 is divided by 770?
267
What is the remainder when 1112441 is divided by 1031?
1023
Calculate the remainder when 46306 is divided by 2104.
18
What is the remainder when 2981 is divided by 993?
2
What is the remainder when 31676 is divided by 170?
56
Calculate the remainder when 1372702 is divided by 293.
290
What is the remainder when 855913 is divided by 645?
643
What is the remainder when 32575 is divided by 60?
55
Calculate the remainder when 6460 is divided by 3217.
26
What is the remainder when 5852 is divided by 2?
0
Calculate the remainder when 1060 is divided by 111.
61
What is the remainder when 1933 is divided by 73?
35
Calculate the remainder when 2118269 is divided by 49.
48
What is the remainder when 3215 is divided by 141?
113
Calculate the remainder when 32310 is divided by 10741.
87
Calculate the remainder when 2376 is divided by 289.
64
Calculate the remainder when 91766 is divided by 22894.
190
Calculate the remainder when 6903 is divided by 994.
939
Calculate the remainder when 1652 is divided by 39.
14
What is the remainder when 84186 is divided by 2551?
3
What is the remainder when 35860 is divided by 129?
127
What is the remainder when 431544 is divided by 56?
8
Calculate the remainder when 741303 is divided by 865.
863
What is the remainder when 825 is divided by 225?
150
Calculate the remainder when 15309 is divided by 12.
9
Calculate the remainder when 69 is divided by 23.
0
What is the remainder when 13081 is divided by 503?
3
Calculate the remainder when 4544 is divided by 65.
59
What is the remainder when 6128 is divided by 49?
3
Calculate the remainder when 4650 is divided by 22.
8
Calculate the remainder when 42445 is divided by 3014.
249
What is the remainder when 168191 is divided by 3057?
56
What is the remainder when 2865 is divided by 368?
289
Calculate the remainder when 3705 is divided by 70.
65
Calculate the remainder when 1930533 is divided by 72.
69
What is the remainder when 16548 is divided by 1057?
693
What is the remainder when 422214 is divided by 20?
14
What is the remainder when 80474 is divided by 94?
10
What is the remainder when 3375109 is divided by 1564?
1561
Calculate the remainder when 587 is divided by 305.
282
What is the remainder when 28152 is divided by 3513?
48
Calculate the remainder when 37138 is divided by 17.
10
What is the remainder when 16771 is divided by 12?
7
Calculate the remainder when 73795 is divided by 25.
20
Calculate the remainder when 3294 is divided by 55.
49
Calculate the remainder when 36106 is divided by 377.
291
Calculate the remainder when 658770 is divided by 1599.
1581
What is the remainder when 4085 is divided by 215?
0
What is the remainder when 78174 is divided by 942?
930
Calculate the remainder when 84941 is divided by 37.
26
Calculate the remainder when 95122 is divided by 105.
97
What is the remainder when 163537 is divided by 20?
17
Calculate the remainder when 19867 is divided by 1414.
71
What is the remainder when 3919276 is divided by 16?
12
What is the remainder when 396051 is divided by 690?
681
Calculate the remainder when 1135 is divided by 305.
220
Calculate the remainder when 1031 is divided by 76.
43
Calculate the remainder when 108092 is divided by 263.
262
What is the remainder when 380 is divided by 63?
2
What is the remainder when 3108 is divided by 139?
50
What is the remainder when 361689 is divided by 14?
13
Calculate the remainder when 130833 is divided by 130833.
0
What is the remainder when 182206 is divided by 146?
144
Calculate the remainder when 55971 is divided by 116.
59
What is the remainder when 284090 is divided by 128?
58
What is the remainder when 18708 is divided by 36?
24
What is the remainder when 28005 is divided by 666?
33
Calculate the remainder when 17086 is divided by 276.
250
Calculate the remainder when 572 is divided by 178.
38
Calculate the remainder when 109774 is divided by 36566.
76
What is the remainder when 59637 is divided by 918?
885
Calculate the remainder when 10289 is divided by 10263.
26
Calculate the remainder when 486539 is divided by 180.
179
Calculate the remainder when 13118 is divided by 53.
27
What is the remainder when 22924 is divided by 171?
10
What is the remainder when 52300 is divided by 76?
12
Calculate the remainder when 164704 is divided by 4.
0
What is the remainder when 13943 is divided by 772?
47
Calculate the remainder when 45214 is divided by 48.
46
Calculate the remainder when 4551 is divided by 1136.
7
Calculate the remainder when 10832 is divided by 190.
2
What is the remainde